n base 8, what is -304 + 62?
-222
In base 11, what is -3 - -130?
128
In base 14, what is -44 - 146?
-18a
In base 13, what is -4 - -1366?
1362
In base 16, what is 9 + cb?
d4
In base 5, what is 2 - -3030?
3032
In base 6, what is -2 - 51?
-53
In base 15, what is a - -7e?
89
In base 3, what is 100 + -1021?
-221
In base 2, what is 100001 - 100?
11101
In base 10, what is -2187 + 4?
-2183
In base 10, what is 20 + 10?
30
In base 7, what is 26 - -10?
36
In base 10, what is -18 - 19?
-37
In base 5, what is -40 - 10?
-100
In base 3, what is 110 - 121102?
-120222
In base 8, what is 1 - 4076?
-4075
In base 8, what is 1 + -20?
-17
In base 10, what is 5 - -761?
766
In base 4, what is 1013230 + 11?
1013301
In base 6, what is 1523 - -11?
1534
In base 7, what is -63004 + -1?
-63005
In base 5, what is -30100 - -2?
-30043
In base 3, what is -10 - 20?
-100
In base 5, what is 10 - -23041?
23101
In base 8, what is -20 + -33?
-53
In base 6, what is 323224 - 5?
323215
In base 10, what is 18 - -43?
61
In base 13, what is -307 - -3?
-304
In base 3, what is -100 + 200?
100
In base 7, what is -15 - 22?
-40
In base 10, what is -105 + 5?
-100
In base 11, what is 46 + 5?
50
In base 15, what is -31 - -3?
-2d
In base 15, what is 2 + 37?
39
In base 6, what is -22 + 1004?
542
In base 12, what is -5 + -91b?
-924
In base 13, what is 5 + -41?
-39
In base 15, what is 4 + 51?
55
In base 14, what is 1bc8 + -3?
1bc5
In base 7, what is -500 + 1?
-466
In base 8, what is 1 - 24?
-23
In base 6, what is 2 - -25?
31
In base 11, what is 0 - -67?
67
In base 8, what is -4 + 4?
0
In base 9, what is -1255 - 4?
-1260
In base 9, what is -1467 + -3?
-1471
In base 13, what is 1 - 43?
-42
In base 13, what is -6 + 9?
3
In base 8, what is 3 - 170?
-165
In base 11, what is -17 - 9?
-25
In base 5, what is 10 + -12?
-2
In base 14, what is -8 + -23?
-2b
In base 16, what is 457 + 9?
460
In base 2, what is 100110 + -1?
100101
In base 9, what is -44 + 34?
-10
In base 13, what is 404 - -17?
41b
In base 11, what is 9 + -41?
-33
In base 8, what is -7047 - -1?
-7046
In base 14, what is 23 + 3?
26
In base 5, what is 20 + -1040?
-1020
In base 12, what is -3 - 23?
-26
In base 14, what is -4 - 8?
-c
In base 4, what is -11 - 3300?
-3311
In base 16, what is -5bb + 5?
-5b6
In base 16, what is -19 + 176?
15d
In base 13, what is a5 + 48?
120
In base 4, what is 2 - 2220?
-2212
In base 16, what is -4e + -3?
-51
In base 15, what is -3 - -12?
e
In base 9, what is 3265 - -3?
3268
In base 6, what is 1 + -40?
-35
In base 10, what is 642 - 1?
641
In base 11, what is 55 + 5?
5a
In base 5, what is -104 - -1?
-103
In base 9, what is 0 - 11?
-11
In base 12, what is -2 - 1821?
-1823
In base 9, what is -2265 + 2?
-2263
In base 16, what is -4 - -84e?
84a
In base 3, what is 122 + 11?
210
In base 7, what is -5 + 26?
21
In base 9, what is 4 - 64?
-60
In base 15, what is -3d - -d?
-30
In base 7, what is 5 - 154?
-146
In base 3, what is 11 + 12111121?
12111202
In base 8, what is 1017 + -1?
1016
In base 3, what is 10 + -1220?
-1210
In base 6, what is 14 - 225?
-211
In base 9, what is 5 + -1835?
-1830
In base 3, what is 1 + 20122102?
20122110
In base 15, what is -345 + 0?
-345
In base 3, what is -2110 - -102?
-2001
In base 3, what is 11 + -11111?
-11100
In base 15, what is -34a + 1?
-349
In base 13, what is 2 - -67?
69
In base 11, what is -450 - -2?
-449
In base 14, what is 32 - -69?
9b
In base 15, what is -62 + 3?
-5e
In base 3, what is 1 - -1000010?
1000011
In base 10, what is -40 + 4?
-36
In base 11, what is 5 - 22?
-18
In base 13, what is -2b + 3?
-28
In base 11, what is -21a - 5?
-224
In base 9, what is 21 - 101?
-70
In base 2, what is 1111 + -10010010?
-10000011
In base 12, what is 5 + -34?
-2b
In base 15, what is 7 + -ca?
-c3
In base 6, what is 110 - 2?
104
In base 7, what is -1 - -65?
64
In base 16, what is f9 + 41?
13a
In base 8, what is -3 - -331?
326
In base 11, what is 0 - 142?
-142
In base 12, what is 54 + 5?
59
In base 3, what is -112120 + 12?
-112101
In base 11, what is 40 + 4?
44
In base 6, what is 4 - -41?
45
In base 16, what is 10f - 1b?
f4
In base 7, what is -315 - 11?
-326
In base 2, what is 0 - 110010101?
-110010101
In base 12, what is aa9 - 1?
aa8
In base 9, what is 42 + 21?
63
In base 7, what is 65 + -1?
64
In base 10, what is 19 + 11?
30
In base 5, what is 10320 + -10?
10310
In base 3, what is 10 + 10010120?
10010200
In base 3, what is 12012021 - 0?
12012021
In base 3, what is 21 - 2?
12
In base 7, what is -215 - 5?
-223
In base 8, what is 0 - 1160?
-1160
In base 13, what is 5 + 375?
37a
In base 13, what is -4 + 39?
35
In base 8, what is 526 - 3?
523
In base 9, what is -304 - 1?
-305
In base 14, what is -1418 - -1?
-1417
In base 14, what is 1 + a?
b
In base 12, what is 3 + -4122?
-411b
In base 5, what is -204114 + 1?
-204113
In base 5, what is -112 + 11?
-101
In base 3, what is -2211 - -10?
-2201
In base 4, what is -322 + 0?
-322
In base 10, what is 5 - 611?
-606
In base 7, what is -45 - 53?
-131
In base 9, what is 1 - 5816?
-5815
In base 2, what is -100 - 110001110?
-110010010
In base 12, what is -68 - 6?
-72
In base 9, what is 82 + -27?
54
In base 8, what is 2 - -1117?
1121
In base 14, what is 55 + -c?
47
In base 11, what is -9 - 120?
-129
In base 16, what is -e - 4?
-12
In base 5, what is -101 + 243?
142
In base 16, what is cd4 + 5?
cd9
In base 11, what is -4 + 58?
54
In base 16, what is 2 - -14?
16
In base 14, what is -12 + 14b?
139
In base 12, what is 389 - 20?
369
In base 15, what is -177 + -1?
-178
In base 3, what is 22 - 11?
11
In base 9, what is 11 - 87?
-76
In base 5, what is -100242 + 4?
-100233
In base 5, what is 0 - 3?
-3
In base 2, what is 10 + -10010001?
-10001111
In base 10, what is 0 + 14?
14
In base 9, what is -3 - 643?
-646
In base 3, what is 112 + -200?
-11
In base 13, what is -1 + 1?
0
In base 14, what is 3 - -34a?
34d
In base 16, what is -57b - 2?
-57d
In base 10, what is -7 + -302?
-309
In base 13, what is -40 - 14?
-54
In base 9, what is 1 + 174?
175
In base 2, what is 1110110111110 - -11?
1110111000001
In base 2, what is 110000100101 + -100?
110000100001
In base 9, what is 3 - -245?
248
In base 15, what is a5 + 4?
a9
In base 16, what is -4 + 116?
112
In base 12, what is -5176 - -3?
-5173
In base 9, what is 163 + -33?
130
In base 6, what is -13004 + 3?
-13001
In base 7, what is -2 - 163?
-165
In base 16, what is -3 + -bb?
-be
In base 10, what is -174 + 6?
-168
In base 13, what is -5 - 13?
-18
In base 15, what is -9 + -b7?
-c1
In base 16, what is 70e0 + -3?
70dd
In base 8, what is 2 - 1514?
-1512
In base 4, what is -23203 + 10?
-23133
In base 8, what is 2 - -560?
562
In base 11, what is -1 + -10?
-11
In base 7, what is -2 - 665?
-1000
In base 5, what is -20 - 111?
-131
In base 9, what is -1284 - -1?
-1283
In base 12, what is -8 + 5?
-3
In base 11, what is 5 + -145?
-140
In base 4, what is 10 - 100?
-30
In base 7, what is -1255 + 16?
-1236
In base 7, what is 0 - -4130?
4130
In base 7, what is -24 - -220?
163
In base 13, what is -5 + -255?
-25a
In base 9, what is -23 - 137?
-161
In base 15, what is 2 - -7d7?
7d9
In base 3, what is 2110 + -100?
2010
In base 12, what is 54a + -5?
545
In base 2, what is 1011011101 - -1?
1011011110
In base 6, what is 3455 - 0?
3455
In base 7, what is -4 + 131?
124
In base 5, what is -443 - -1?
-442
In base 9, what is 377 + 0?
377
In base 11, what is 10 + -8?
3
In base 10, what is 10 + -625?
-615
In base 15, what is 48 - -6?
4e
In base 11, what is -3 + a?
7
In base 11, what is -20 + -199?
-209
In base 11, what is -20 - -5?
-16
In base 10, what is -35 - 1?
-36
In base 10, what is -1790 + 0?
-1790
In base 8, what is 16641 + 3?
16644
In base 14, what is 1 - -4a?
4b
In base 15, what is -4 + -1608?
-160c
In base 8, what is 106 - 63?
23
In base 14, what is -3090 - -4?
-308a
In base 14, what is -9 + 3?
-6
In base 15, what is b + 500?
50b
In base 13, what is -4 - 29a?
-2a1
In base 7, what is -26 + 165?
136
In base 7, what is 0 + -6330?
-6330
In base 3, what is 121101 + 0?
121101
In base 11, what is -2 + -137?
-139
In base 10, what is 872 - -2?
874
In base 2, what is -11111010 - -110?
-11110100
In base 11, what is -186 - 5?
-190
In base 3, what is -222 - 10220?
-11212
In base 11, what is 1a5 - 39?
167
In base 16, what is -1 - 62?
-63
In base 13, what is 6 + 43?
49
In base 11,